 when o is divided by 2.
0
Let h(x) = 9*x + 8. Let s be h(8). Calculate the remainder when 23 is divided by ((-100)/s)/((-1)/4).
3
Suppose -4*c = 5 - 1. Suppose -5 = -3*z + 19. Calculate the remainder when c*(1 + -18) - -3 is divided by z.
4
Let t = -5 + 14. Suppose 28*n + 180 = 31*n. Suppose 11*y - y = n. Calculate the remainder when t is divided by y.
3
Let u(q) = -6*q**3 + q - 1. Let x(a) = a**3 - a. Let b(w) = u(w) + 4*x(w). Calculate the remainder when 41 is divided by b(-2).
20
Let l = -70 + 139. Suppose -l = 42*z - 45*z. What is the remainder when z is divided by 13?
10
Let x(r) = -534*r + 2743. Calculate the remainder when x(5) is divided by -1 + 1/1 + 28.
17
Let r(m) = 13*m**3 - m**2 + 2. Calculate the remainder when 41 is divided by r(1).
13
Suppose -4*y + 0*y - 32 = 0. What is the remainder when ((-2)/4)/(y/240) is divided by 1*-2*(-3 - -1)?
3
Suppose 3*o + 115 = 2*l, 5*o + 129 = 3*l - 45. What is the remainder when 634 is divided by l?
51
Suppose -3*w + 511 = -3*o - 38, -396 = -2*w - 4*o. What is the remainder when w is divided by 10?
8
Suppose -2832*j = -2834*j + 264. Calculate the remainder when j is divided by 92.
40
Suppose -w = 2*n - 11, 2 + 1 = n - 2*w. Let p = 39 + -35. What is the remainder when (-2)/((p/(-6))/2) - -1 is divided by n?
2
What is the remainder when 143 - (-4 - -3)/((-1)/(-5)) is divided by 38?
34
Let f(q) = -q**3 + 10*q**2 - 7*q - 8. Let m be f(9). Let p be (3/2)/((-3)/42). Let j = m - p. Calculate the remainder when j is divided by 11.
9
Let c be -2*(0 - (-28)/(-8)). Let n = c + 4. What is the remainder when (-60)/(-2) - (1 - 3) is divided by n?
10
Let u be ((-2)/(-6))/(1/6). Suppose -4*h + a + 97 = 0, u*h + 38 = 3*h - 3*a. Let g = 214 + -147. What is the remainder when g is divided by h?
21
Let v(t) = 5*t**2 - 19*t + 15*t - 4*t**2 - 8. Calculate the remainder when v(-5) is divided by 19.
18
Let p(g) = g**2 + 57. Suppose 60 = -8*c + 23*c. Suppose -x + 4*m = x - 14, -4*m - 44 = -c*x. What is the remainder when p(0) is divided by x?
12
Suppose 4*j - 35 = -3*j. Suppose 116 = j*b - b. What is the remainder when b is divided by 8?
5
Let r(k) = -k**2 + 150. Let c be r(0). Suppose -2*l + c - 6 = 0. Suppose -l = -2*i - i. Calculate the remainder when 45 is divided by i.
21
Suppose 8*g = -2*f + 5*g + 170, -2*f - g = -166. Let o(z) = z**2 + 3*z - 1. Calculate the remainder when f is divided by o(-6).
14
Let r be (52/(-6) + -5)*-9. Suppose -h + r = -3*p, 2 = -3*p + 5. Calculate the remainder when h is divided by 32.
30
Let p(x) = -x**3 + x**2. Let o be -1 + 0/(8/4). What is the remainder when 144/45 - o/(-5) is divided by p(-1)?
1
Let n(k) = 3*k**2 + 12*k - 37. Calculate the remainder when n(6) is divided by 24.
23
Let v be (-8)/5*(-7)/(42/15). Suppose 3*d = 5*n - 18 - 27, 0 = 3*n - v*d - 38. Calculate the remainder when -8*1*(-2)/2 is divided by n.
2
Suppose -5*h + 205 = -5*u - 90, -2*u = -4*h + 240. Let v = -44 + h. Calculate the remainder when 33 is divided by v.
16
Suppose m = 112 - 7. What is the remainder when m is divided by 20?
5
What is the remainder when ((-1 - -231) + -4)*2 is divided by 57?
53
Let v = -854 - -939. What is the remainder when v is divided by 13?
7
Let t(z) be the first derivative of 8*z**2 + 2*z - 9. Let m be (-60)/15*(-2 - (-7)/4). What is the remainder when 53 is divided by t(m)?
17
Suppose -21*s + 184 = -13*s. Calculate the remainder when s is divided by 2 + (2 - 2) - -2.
3
Let o = 19 + -19. Suppose 5*a - 3*a - 46 = o. Let s = a - 12. Calculate the remainder when 18 is divided by s.
7
Suppose -7*y + 2*y = -4*b + 26, 2*b + 2*y - 4 = 0. Let k = -7 + 13. Let o = k - b. What is the remainder when o is divided by 2?
0
Suppose -5*x = 3*o - 1846, 3*x - 1838 = -3*o + 2*x. Suppose 5*a = a + o. Calculate the remainder when a is divided by 39.
36
Suppose 2*a - 24 = -4*g + 3*a, 3*a = -12. What is the remainder when 43 + -2 + g + -2 is divided by 9?
8
Let k be 13 + (0 - 3) + 3. Suppose -4*u + k = 5. Let a(c) = 4*c**2 + c + 1. Calculate the remainder when 54 is divided by a(u).
16
Let q = -175 + 295. What is the remainder when q is divided by 31?
27
Let q be -4 + 1 + 9 + -1. Suppose k + 20 = q*k. Suppose -g = 3*d - 23 - 24, 2*g = -k*d + 77. What is the remainder when d is divided by 6?
5
Let b(u) = u**3 + u**2 - 3*u + 35. Let q = -3 - -3. What is the remainder when 93 is divided by b(q)?
23
Let j(x) = 2*x. Let q be j(4). Calculate the remainder when 6/27 + 97/9 is divided by 0 + q*(-2)/(-4).
3
Suppose 0 = -8*t - 244 + 748. Suppose 0 = -5*a + 97 + t. What is the remainder when a is divided by 11?
10
Let l(i) = 133*i + 101. Calculate the remainder when l(6) is divided by 22.
19
Let i = -12 - 1. Calculate the remainder when 20/(-8)*4*(-306)/60 is divided by (6/3)/((-1)/i).
25
Let m = 3033 - 2999. What is the remainder when 10/((-2)/13*-1) is divided by m?
31
Let w = -148 + 194. What is the remainder when w is divided by 12?
10
Let j(o) = 29*o**2 + 3*o - 3. Let g be j(1). Suppose 0 = 4*x + 3*w - g, 12 + 8 = 3*x + 4*w. Calculate the remainder when 15 is divided by x.
7
Suppose 2*o = 270 + 10. Suppose 4*b + 2*z = 310, -3*z = 2*b - 13 - o. Calculate the remainder when b is divided by 20.
18
Let p = -56 - -59. Suppose 3*l - 58 - 8 = -p*r, -2*r - 89 = -5*l. Let j(u) = 2*u - 4. Calculate the remainder when l is divided by j(7).
9
Let d = 4 + 2. Let i = d + -1. What is the remainder when -1 - (-2)/(-2) - -16 is divided by i?
4
Calculate the remainder when 285 is divided by (447 - 0)*(228/36)/19.
136
Let f(p) = -p**3 - p**2 - p - 1. Let j be f(-1). Suppose -s - 2*s = j. Suppose -2*x = -2 - s. What is the remainder when 1 is divided by x?
0
Let l = 157 - 146. Suppose l*k = 51 + 4. Calculate the remainder when 17 is divided by k.
2
Let v be 0 + (-2 - -3) - 5. Calculate the remainder when v*(-1 + 30/(-8)) is divided by (53 + (-143)/13)/6.
5
Let w(g) = -g**3 - 26*g**2 - 39*g - 162. What is the remainder when w(-25) is divided by 60?
8
Let d = 214 + -205. Calculate the remainder when ((-2)/(-8))/(30/8040) is divided by d.
4
Let g = 28 - 26. Suppose -4*y - 2*t + 144 = 0, 189 = g*y + 3*y - 2*t. What is the remainder when y is divided by 8?
5
Suppose -2*d = -5*r + 264, 5*r + 5*d - 455 = -170. What is the remainder when 263 is divided by r?
47
Let t = 147 - 54. Suppose -2*v + 5*r + 182 = 0, -2*v - 3*r - t = -3*v. Let b = -32 + v. What is the remainder when b is divided by 26?
23
Let x = -536 - -542. What is the remainder when 455 is divided by x?
5
Let x = 725 + -589. What is the remainder when x is divided by 1?
0
Let m = 1664 - 521. Suppose -6*g - m = -15*g. What is the remainder when g is divided by 32?
31
Let i be 1550/8 - (-9)/(-12). Suppose 5*t = 102 + i. What is the remainder when t is divided by 15?
14
Suppose 30*p - 630 = 12*p. Calculate the remainder when p is divided by 10.
5
Let o(c) = -c - 4. Let g be o(-2). Let b be (5/2)/(4/16*-2). Let q = g - b. Calculate the remainder when 9 is divided by q.
0
Suppose -20 = -4*j, 8*j + 366 = 2*y + 6*j. Calculate the remainder when y is divided by 10.
8
Let c(l) = -l**3 + l + 1. Let q(a) = 5*a**3 + a**2 - 9*a - 3. Let b(n) = -4*c(n) - q(n). Calculate the remainder when b(-4) is divided by 15.
12
Let h = 78 + 8. Suppose -v + h = -2. Suppose 2*i + k - 79 = 0, 4*k + 212 = 3*i + v. What is the remainder when i is divided by 14?
12
Suppose 8*l - 1057 = 2719. Calculate the remainder when l is divided by 25.
22
Let q(p) = 2*p**2 - 2*p - 3. Let c be q(3). Suppose 261 = 4*y + 57. Calculate the remainder when y is divided by (-3 + 24/c)*-78.
25
Let f = 111 - 4. What is the remainder when f is divided by 29?
20
Suppose 0 = -5*s + 3*k + 262, s = -0*s - 2*k + 55. Suppose u = 2*u - 3*p - s, -23 = -u - 3*p. Calculate the remainder when 189 is divided by u.
37
Suppose 5*a + 114 = -4*m, 0*m - 5*m + 46 = -a. Calculate the remainder when 29 is divided by (a/13)/((-1)/4).
5
Suppose 1 + 5 = q. Let u(i) = -i**3 + q + 2*i**3 - 8*i**2 - 3*i + 8*i. What is the remainder when u(8) is divided by 16?
14
Let j(g) = -8*g**3 + g. Let n be j(-1). Let w = -245 + 246. Let x = n + w. Calculate the remainder when 13 is divided by x.
5
Suppose -9*s + 6*s + 9 = 0. Suppose -49 = -3*k + 4*v, -s*k + 0*k = -3*v - 48. Calculate the remainder when 71 is divided by k.
11
Suppose 3*z - i = -0*z - 34, 4*z + 56 = 4*i